ate -5 + 2 + 4 + (-137 - -147).
11
What is 15 + (-7 + -8 - 14)?
-14
Calculate -20 + 5 - (-22 + 7) - -19.
19
Calculate (4 - (3 + 20)) + 7 + 5.
-7
What is 29 + (-32 - -34) - 13?
18
What is the value of (-28 - (-57 + 29)) + 40 + -7?
33
What is (-9 - (10 - 12)) + -3 + 5 - 9?
-14
What is -7 - ((-120 - -38) + 39)?
36
Calculate 0 - (12 + (-5 - 9)).
2
What is the value of 32 - 64 - (-14 + 0)?
-18
Calculate -35 - ((-10 + 12 - 14 - -10) + -10).
-23
Evaluate 230 + -203 - (5 - -5).
17
What is -1 + (-1 - -3) + -563 + 562?
0
What is the value of (-123 - -110) + (-4 - (-27 + -4))?
14
Calculate 1 + 3 + -1 + (29 - 51 - -15).
-4
Evaluate 19 + 7 + (14 - (-19 - -45)).
14
What is -8 + (-9 - -2) + (6 - (14 + -24))?
1
Calculate -19 + 6 + -1 + 6 + -6 - 1.
-15
What is 1 - -9 - 8 - (-5 - (11 + 2))?
20
Evaluate -4 + 34 + (18 + -6 - 20).
22
What is 9 + (17 - 19) + -25 - -60?
42
What is the value of 18 + (5 + 1 - (28 - 16))?
12
What is (13 - (-10 + 24)) + -2 - (6 + -1)?
-8
Evaluate -12 + 16 + -15 + 9 + (-1 - 0).
-3
What is the value of (-39 - (-2 + -25)) + 3 + -16?
-25
What is the value of -1 + 2 - (-16 + 2 - -7)?
8
What is the value of (1 + (1 - 5) - -17) + -9 + 3?
8
157 + -148 + (0 - 26)
-17
21 + -20 + 17 - (41 + 2)
-25
Evaluate 13 + 6 + (-4 - 46).
-31
Evaluate (-251 - -259) + (-7 - (0 - 1)).
2
What is the value of (-9 - 12 - -21) + -14?
-14
What is -1 + 9 + (-2 - -1) + 13783 + -13828?
-38
Calculate -5 + (-4 + (-2 - -13) - 8).
-6
What is (16 - (9 + 1)) + 3 + -1 - 41?
-33
What is the value of -1 + -20 + -134 + 142?
-13
Calculate (-6 - -15) + 15 - 24.
0
What is the value of 6 + (5 - 9) + (-12 - (-1 + 4))?
-13
What is the value of 26 + (-6 + (2 + -2 - -11) - 6)?
25
Calculate 9 + 13 - 11 - 12.
-1
What is 2 + (10 + -5 - 2)?
5
What is the value of -1 - 1 - -4 - (-7 - -5)?
4
(-38 - -22) + (-2 - (-11 + 2))
-9
Calculate 2 + 28 + -38 + 19 + 3.
14
Evaluate 0 + 8 + 11 + -23 + 12.
8
What is the value of -3 + (5 - 0 - 11) - (-121 - -98)?
14
Evaluate (4 - (14 - 1)) + (8 - -4).
3
-511 + 512 + -17 + 0
-16
What is -1 - 0 - (-1 + -20 + -45 + 57)?
8
Calculate 9 - (19 + -17 - 20).
27
Calculate -2 + 0 + (3 + 8 - 1) - 3.
5
What is 8 - (-7 + 22 + -16)?
9
What is 2 + 7 + -12 - 0?
-3
Evaluate -4 - (4 - 18) - 1.
9
Calculate -8 + 9 - (18 - (-2 + 7)).
-12
What is 1 + 6 - (14 - (5 - (2 + -1)))?
-3
Evaluate (2 - 0) + (4 - -1) + (-34 - -4).
-23
(2 - (12 - 8 - 6) - 1) + 3
6
Evaluate (-757 - -765) + (0 - 26).
-18
Evaluate 4 - (8 - -26 - 9).
-21
-19 - 4 - (-20 - -10)
-13
What is the value of (-8 - (-3 + (20 - 9))) + -1?
-17
What is the value of 19 + -24 + -12 + 4?
-13
What is the value of (-62 - -51) + (5 - (19 + -6))?
-19
What is (18 - (-2 - -25)) + (0 - 0) + -3?
-8
Calculate -1 + (-7 + 3 - 8).
-13
What is 16 + -2 + -4 + 13?
23
Calculate -68 - -62 - ((4 - 4) + -21).
15
Calculate -22 - (-9 + 0 - (-22 + 6 + 7)).
-22
Evaluate -3 - (-4 - (3 - 5 - -2)) - -11.
12
What is 0 + 3 - (-7 - -23) - 0?
-13
Evaluate (-34 + 49 - 8) + (-2 + 0 - -1).
6
What is the value of -5 + (-2 - -5 - -2) + -5 - 8?
-13
What is -21 + (5 - -7 - 6) + -11?
-26
0 + 13 + (9 - 6) + 12
28
Calculate ((-3 - 4) + 3 - 2) + 1 + 4.
-1
Evaluate 14 - (13 + 7 + -14 - 5).
13
What is the value of (8 - (22 - 5) - 16) + 5?
-20
Evaluate (-1 - 3 - (11 + -14)) + -9 + 3.
-7
Evaluate -19 - ((-13 - 1) + (-50 - -54)).
-9
-13 - (25 + -5 + -4 + -11)
-18
Calculate 7 - ((-3 - 1) + (66 - 58)).
3
Evaluate -3 - (-25 + 8) - (-9 - -22).
1
-10 - (-13 + 55 + -24)
-28
What is 3 - -13 - (18 - -12)?
-14
What is (-10 - (-50 + -7)) + -26?
21
What is -3 + 11 + (-19 - 1)?
-12
What is the value of (-29 - -60 - 32) + 25?
24
What is the value of 6 + 11 + -21 + -6 + (9 - 1)?
-2
Evaluate (2 - -5) + -8 + -5 - (-2 - 2).
-2
Calculate (-208 - -222) + -9 + 0 + (0 - 8).
-3
8 + 0 + 0 - 1 - (-219 + 225)
1
-21 - (57 + -34 - 52)
8
Calculate (-1 + -30 - -21) + -15.
-25
Calculate 264 + -246 - (0 - -20).
-2
What is 20 - 44 - (0 - 20)?
-4
What is -2 + -21 + 27 + 12?
16
Calculate (4 - (-1 - -10 - 3)) + -13.
-15
Calculate (-1 - 1) + (-72 - -72) - (1 + -8).
5
-4 + 11 + -2 + 17 + -9 - 7
6
Calculate (-35 - -59) + -15 + (-3 - (-3 - 0)).
9
What is (-4 + -1 - -5) + (-9 - 6)?
-15
What is the value of -4 + (-4 - -1 - (4 - 0 - 1))?
-10
What is (-1 - 1 - 1) + -558 + 554?
-7
Calculate -219 - -208 - (-19 + 1 + 4).
3
What is the value of 2 + (1 - (2 + 1) - 11)?
-11
What is the value of 4 + 6 + (-12 + -8 - -23)?
13
5 - 8 - 0 - 6 - (-10 - -9)
-8
(8 - -14) + (1 + -16 - -17)
24
Calculate -15 - -12 - (4 + -31).
24
What is (2 + 9 - 2) + 100 + -108?
1
What is 2 + (22 - 20 - (2 - 5)) - -1?
8
-12 + 3 + 5 - (-3 + -5)
4
Evaluate -21 - (-31 + 18 - 4).
-4
Evaluate -3 + -3 + (3 - 8 - -4) + -4.
-11
331 + -348 + (-1 - -6)
-12
(6 - -10 - 31) + -23
-38
Calculate 8 - (5 - 5) - (-6 - 3 - -25).
-8
Calculate -336 - -312 - (-2 - 9).
-13
What is the value of (18 - 2) + -5 + -6 - -4?
9
Calculate 41 - (-28 + 36) - (2 - -7).
24
What is the value of -2 + 8 - -4 - (58 + 15 + -33)?
-30
What is the value of 8 + 0 - (20 - 27)?
15
(99 - 96) + (0 - (-2 + -3))
8
Evaluate 22 + -30 + 22 + -8.
6
Calculate -13 + -18 - (-43 + -5).
17
What is -120 + 103 + 23 + 1?
7
Calculate -4 - -13 - -1 - 11.
-1
What is (-39 - -19 - -49) + 3?
32
What is 1 + 1 + 0 - (86 - 87)?
3
Calculate (-4 - (-6 - 4)) + -3 + -5.
-2
-17 - ((-176 - -161) + -1 + 36)
-37
What is the value of (1 - -2) + 25 + (3 - 47)?
-16
What is the value of 1 + -2 - 0 - (0 - 1) - 1?
-1
Evaluate -10 + (-12 - -13 - -1).
-8
(49 - (-2 - -78)) + (18 - 0)
-9
29 - -3 - 10 - 19
3
Calculate (-3 - -3) + 1 + -8 + -14 + 28.
7
Calculate 38 - (-17 - -39 - -25).
-9
What is the value of -13 + (-14 - 3 - -14)?
-16
3 + 10 - (32 - 13)
-6
Evaluate 35 + (23 - (66 + -23)).
15
What is the value of -5 - (15 + -14 + -10)?
4
Evaluate 3 + (-3 - ((-12 - -6) + 8)) - -4.
2
Evaluate (-7 - -24 - 6) + 0 + -6 + -1.
4
Evaluate (-36 - -40) + 73 + -71 + (-1 - -21).
26
Calculate (-1 - 2) + 13 - (-2 - -14).
-2
14 + -9 - (4 + (2 + -2 - 17))
18
Evaluate 10 - (-8 + 13) - (-1 + -3).
9
What is (-7 - -8) + 2 - (17 + -3)?
-11
Calculate 7 + -21 + 10 + (2 - -5).
3
Calculate (8 - 4 - 11) + -13 + 20.
0
What is (-27 + 43 - (6 + -2)) + 13?
25
Calculate (9 + -13 - (6 - 10)) + 1 - 11.
-10
Evaluate 9 + -12 - (0 - (0 - (2 - 3))).
-2
21 - (12 - 2) - ((2 - 4) + 5)
8
What is the value of (16 - 2) + 35 + -60?
-11
What is -13 - (11 - 28) - (4 - 19)?
19
What is 15 - ((12 - 15) + 18)?
0
What is 1 - 2 - (5 - (-1 + 16))?
9
Calculate (25 - (-7 + 2)) + (-10 - -14) + -10.
24
What is (-24 - 0) + (10 - (-24 + 23))?
-13
What is the value of -26 + -11 - -35 - (-1 + -8)?
7
What is the value of 1 + 0 + -268 + 267?
0
Calculate -33 - (9 + 22 + -57).
-7
Evaluate 18 + (-10 - (14 + 13)).
-19
Calculate -1941 + 1921 + 0 + 11.
-9
Evaluate -1 + 6 - (-28 - (-24 + (5 - -5))).
19
What is (-10 + 20 - 4) + -15?
-9
What is (-40 - -47) + (-29 - -20)?
-2
Calculate -10 + (5 - 6) + 10 - 7.
-8
What is the value of -2 - -1 - (1 - 3) - (-112 - -105)?
8
11 + 11 + -29 + 5 + 2 - -13
13
Evaluate (7 - -5 - 12) + -3 - -12.
9
Evaluate -14 - (-10 - (-23 - -34)).
7
Evaluate 90 + -83 - (16 + 2).
-11
What is (1 - 6 - -3) + 8 - -2?
8
What is (-3 - -6) + 6 + -18?
-9
24 - 20 - (-11 - -11 - (-3 + -2))
-1
-35 + 10 - (-7 + (4 - (0 - -3)))
-19
Calculate 5 + (-7 - -6) + 0 - 0 - 20.
-16
-2 - ((-24 - -20) + -6)
8
9 - ((-10 - (-2 - 15)) + -5 + -6)
13
What is (15 - 0) + -31 + (54 - 41)?
-3
What is the value of -5 + (-1 - (0 + 2)) + 51 + -40?
3
Calculate 13 + (0 - (35 - 48)).
26
Evaluate (-9 - 0 - (32 - 51)) + -14.
-4
What is 1 + -5 - -2 - (-10 + 4 + 10)?
-6
What is 8 - (5 - -21 - 10)?
-8
Calculate -7 - -28 - (47 - 6).
-20
Evaluate 13 - (-2 + 5) - 16 - (2 - -1).
-9
What is -4 + -2 + (-4 + -3 - -1 - -3)?
-9
Calculate (-62 - -67 - (13 + -1)) + (6 - 4).
-5
Evaluate -20 - (-1 + -7 + (-17 - -7)).
-2
Evaluate -4 + (43 + -13 - 31).
-5
Calculate (15 - (-26 - -50)) + 18.
9
What is the value of -21 + 0 - (59 - 86)?
6
Calculate 4 + (0 - (21 + -10 + -13)).
6
Evaluate 1 + -6 - (34 + -15 + -29).
5
What is the value of -26 + (16 + -25 - -31)?
-4
What is the value of -31 + 0 + -1 + (-179 - -183)?
-28
Calculate 79 + -96 + -9 + 5 + -9.
-30
-23 - (-12 + (6 - 21))
4
What is the value of 7 + 11 + (-19 - -5) - 24?
-20
What is (7 - (-1 + 10)) + 19 - 37?
-20
Evaluate (4 - 5) + 5 + 2 - 3 - 8.
-5
Calculate (5 - 4 - 5) + 7.
3
(-72 - -71) + 